{"id":16,"date":"2022-09-15T09:16:49","date_gmt":"2022-09-15T07:16:49","guid":{"rendered":"https:\/\/maderas-holztechnik.de\/?page_id=16"},"modified":"2026-02-03T11:40:08","modified_gmt":"2026-02-03T10:40:08","slug":"impressum","status":"publish","type":"page","link":"https:\/\/maderas-holztechnik.de\/en\/impressum\/","title":{"rendered":"Imprint"},"content":{"rendered":"<p><\/p>\n\n\n\n<p>Maderas Holztechnik GmbH<br>Werkstra\u00dfe 1<br>37671 H\u00f6xter-Ovenhausen<\/p>\n\n\n\n<p>Commercial Register: HRB 692<br>Registration court: Amtsgericht H\u00f6xter<\/p>\n\n\n\n<p><strong>Represented by:<br><\/strong>Andreas Jung und Ralf L\u00fcke<\/p>\n\n\n\n<h3 class=\"wp-block-heading\">Contact<\/h3>\n\n\n\n<p>Phone: +49 (0) 5278 221<br>Telefax: +49 (0) 5278 1269<br>E-Mail:&nbsp;<a href=\"mailto:info@maderas-holztechnik.de\">E-mail: info@maderas-holztechnik.de<\/a><\/p>\n\n\n\n<h3 class=\"wp-block-heading\">VAT ID<\/h3>\n\n\n\n<p>Sales tax identification number according to Sect. 27 a of the Sales Tax Law:<br>DE 812905495<\/p>\n\n\n\n<h3 class=\"wp-block-heading translation-block\">Dispute resolution proceedings in front of a consumer arbitration board<\/h3>\n\n\n\n<p>We are not willing or obliged to participate in dispute resolution proceedings in front of a consumer arbitration board.<\/p>\n\n\n\n<h3 class=\"wp-block-heading\">Design Website layout, technical implementation and support:<\/h3>\n\n\n\n<p><a href=\"http:\/\/www.werbeagentur-schneider.de\" data-type=\"URL\" data-id=\"www.werbeagentur-schneider.de\" target=\"_blank\" rel=\"noreferrer noopener\">Werbeagentur Schneider<\/a><\/p>\n\n\n\n<h3 class=\"wp-block-heading\">Picture Credits<\/h3>\n\n\n\n<p>photography: Robert Warneke (<a rel=\"noreferrer noopener\" href=\"http:\/\/www.flyingairpicture.de\/\" target=\"_blank\">www.flyingairpicture.de<\/a>, <a rel=\"noreferrer noopener\" href=\"http:\/\/www.fotograf-in-hoexter.de\/\" target=\"_blank\">www.fotograf-in-hoexter.de<\/a>)<\/p>\n\n\n\n<p>Blog &amp; news: Maderas Holztechnik GmbH<\/p>","protected":false},"excerpt":{"rendered":"<p>Maderas Holztechnik GmbHWerkstra\u00dfe 137671 H\u00f6xter-Ovenhausen Handelsregister: HRB 692Registergericht: Amtsgericht H\u00f6xter Vertreten durch:Andreas Jung und Ralf L\u00fcke Kontakt Telefon: +49 (0) 5278 221Telefax: +49 (0) 5278 1269E-Mail:&nbsp;info@maderas-holztechnik.de Umsatzsteuer-ID Umsatzsteuer-Identifikationsnummer gem\u00e4\u00df \u00a7 27 a Umsatzsteuergesetz:DE 812905495 Verbraucher\u00adstreit\u00adbeilegung\/Universal\u00adschlichtungs\u00adstelle Wir sind nicht bereit oder verpflichtet, an Streitbeilegungsverfahren vor einer Verbraucherschlichtungsstelle teilzunehmen. Layout Website, technische Umsetzung und Support: Werbeagentur Schneider [&hellip;]<\/p>\n","protected":false},"author":1,"featured_media":0,"parent":0,"menu_order":98,"comment_status":"closed","ping_status":"closed","template":"","meta":{"_acf_changed":false,"footnotes":""},"funktion":[],"class_list":["post-16","page","type-page","status-publish","hentry"],"acf":[],"_links":{"self":[{"href":"https:\/\/maderas-holztechnik.de\/en\/wp-json\/wp\/v2\/pages\/16","targetHints":{"allow":["GET"]}}],"collection":[{"href":"https:\/\/maderas-holztechnik.de\/en\/wp-json\/wp\/v2\/pages"}],"about":[{"href":"https:\/\/maderas-holztechnik.de\/en\/wp-json\/wp\/v2\/types\/page"}],"author":[{"embeddable":true,"href":"https:\/\/maderas-holztechnik.de\/en\/wp-json\/wp\/v2\/users\/1"}],"replies":[{"embeddable":true,"href":"https:\/\/maderas-holztechnik.de\/en\/wp-json\/wp\/v2\/comments?post=16"}],"version-history":[{"count":2,"href":"https:\/\/maderas-holztechnik.de\/en\/wp-json\/wp\/v2\/pages\/16\/revisions"}],"predecessor-version":[{"id":2502,"href":"https:\/\/maderas-holztechnik.de\/en\/wp-json\/wp\/v2\/pages\/16\/revisions\/2502"}],"wp:attachment":[{"href":"https:\/\/maderas-holztechnik.de\/en\/wp-json\/wp\/v2\/media?parent=16"}],"wp:term":[{"taxonomy":"funktion","embeddable":true,"href":"https:\/\/maderas-holztechnik.de\/en\/wp-json\/wp\/v2\/funktion?post=16"}],"curies":[{"name":"wp","href":"https:\/\/api.w.org\/{rel}","templated":true}]}}

<p></p>



<p>Maderas Holztechnik GmbH<br>Werkstraße 1<br>37671 Höxter-Ovenhausen</p>



<p>Commercial Register: HRB 692<br>Registration court: Amtsgericht Höxter</p>



<p><strong>Represented by:<br></strong>Andreas Jung und Ralf Lüke</p>



<h3 class="wp-block-heading">Contact</h3>



<p>Phone: +49 (0) 5278 221<br>Telefax: +49 (0) 5278 1269<br>E-Mail:&nbsp;<a href="mailto:info@maderas-holztechnik.de">E-mail: info@maderas-holztechnik.de</a></p>



<h3 class="wp-block-heading">VAT ID</h3>



<p>Sales tax identification number according to Sect. 27 a of the Sales Tax Law:<br>DE 812905495</p>



<h3 class="wp-block-heading translation-block">Dispute resolution proceedings in front of a consumer arbitration board</h3>



<p>We are not willing or obliged to participate in dispute resolution proceedings in front of a consumer arbitration board.</p>



<h3 class="wp-block-heading">Design Website layout, technical implementation and support:</h3>



<p><a href="http://www.werbeagentur-schneider.de" data-type="URL" data-id="www.werbeagentur-schneider.de" target="_blank" rel="noreferrer noopener">Werbeagentur Schneider</a></p>



<h3 class="wp-block-heading">Picture Credits</h3>



<p>photography: Robert Warneke (<a rel="noreferrer noopener" href="http://www.flyingairpicture.de/" target="_blank">www.flyingairpicture.de</a>, <a rel="noreferrer noopener" href="http://www.fotograf-in-hoexter.de/" target="_blank">www.fotograf-in-hoexter.de</a>)</p>



<p>Blog &amp; news: Maderas Holztechnik GmbH</p>

<p>Maderas Holztechnik GmbHWerkstraße 137671 Höxter-Ovenhausen Handelsregister: HRB 692Registergericht: Amtsgericht Höxter Vertreten durch:Andreas Jung und Ralf Lüke Kontakt Telefon: +49 (0) 5278 221Telefax: +49 (0) 5278 1269E-Mail:&nbsp;info@maderas-holztechnik.de Umsatzsteuer-ID Umsatzsteuer-Identifikationsnummer gemäß § 27 a Umsatzsteuergesetz:DE 812905495 Verbraucher­streit­beilegung/Universal­schlichtungs­stelle Wir sind nicht bereit oder verpflichtet, an Streitbeilegungsverfahren vor einer Verbraucherschlichtungsstelle teilzunehmen. Layout Website, technische Umsetzung und Support: Werbeagentur Schneider [&hellip;]</p>
